)/6) is divided by f(8)?
10
Suppose -3*m = -5*r - 39, 2*r - 268 = -2*m - 210. Calculate the remainder when 3262 is divided by m.
19
Suppose 6*i + 6 = -w, 25*w = 22*w - 3*i + 12. What is the remainder when 6 is divided by w?
0
Let q = -284 - -315. Let d(o) = o**2 - 33*o + 151. Let x = -46 + 70. What is the remainder when d(q) is divided by x?
17
Let w(r) = r**3 - 35*r**2 + 34*r + 205. What is the remainder when w(41) is divided by 29?
27
Suppose 2*b = 5*i + 15 - 608, 4 = -4*i. Let z = b + 425. Suppose -4*c = -98 - z. Calculate the remainder when c is divided by 30.
26
Let r(c) = -24*c**2 + 121*c + c**3 + 9 + 4 - 5 + 78*c - 155*c. Calculate the remainder when 309 is divided by r(22).
5
Let c = -355 + 254. Let q = -72 - c. What is the remainder when q is divided by 9?
2
Suppose -9*j + 3*j = 36. What is the remainder when (-4902)/(-18) + (-1 - 10/j) is divided by 1 + (-131)/(-3) - (-20)/15?
43
Let g(k) = 28*k**3 - 6*k + 3. Let r be g(2). Let z = r + 162. What is the remainder when z is divided by 27?
26
Suppose m - 75 = -21. Suppose 3*x + 3*i = 42, 22*x - 3*x = -3*i + 266. What is the remainder when m is divided by x?
12
Let l be (68/(-238))/(1/(-7)). Suppose 2*j = w - 4*w + 127, l*j - 130 = -4*w. What is the remainder when 289 is divided by j?
53
Suppose 0 = -16*q + 9194 - 3674. Calculate the remainder when q is divided by 28.
9
Let q(c) = -c**2 + 89*c - 1793. What is the remainder when 577 is divided by q(54)?
92
Let f = 2133 + -2041. Calculate the remainder when f is divided by 19.
16
Let s(x) = x**2 + 5*x - 6. Let a be (1 - -1)/(12/(-18)). Let w = a + 32. Calculate the remainder when w is divided by s(-8).
11
Suppose 11*d - 15*d + 4 = -2*p, -5*p - 5*d = -35. Suppose -p*z - 3*f + 896 = -8*f, 0 = z - 2*f - 221. Calculate the remainder when z is divided by 18.
13
Suppose 11 = -s + 5*f, 8*s - 29 = 3*s - 3*f. Calculate the remainder when -2 + s + 1 + 207 is divided by 71.
68
Let k be 119584/56 + 9/(-21). Suppose -18*t - k = -6185. What is the remainder when t is divided by 38?
35
Let p(t) = 153*t + 2846. Calculate the remainder when p(-11) is divided by 67.
24
Let l = -8389 - -24819. What is the remainder when l is divided by 26?
24
Suppose 3*b + 448 = 10*b. Let f(a) = -79*a - 11. Let m be f(-1). Let s = m - b. Calculate the remainder when 5 is divided by s.
1
Let b(p) = 7*p**3 - 29*p**2 + p + 232. Let r(d) = -3*d**3 + 14*d**2 - 117. Let l(t) = 2*b(t) + 5*r(t). What is the remainder when 55 is divided by l(11)?
11
Let h be -9*87/(-9)*2. Suppose 171*m + 60 = h*m. Calculate the remainder when 73 is divided by m.
13
Let k(q) = 14*q**2 - q - 1. Let u be k(-1). Let a be (-4)/u - (-6240)/35. Suppose 7*i - a + 10 = 0. What is the remainder when 118 is divided by i?
22
Let m(j) = 18*j - 59. Let v be m(14). Suppose 148 = -3*y + v. What is the remainder when 39 is divided by y?
9
Let u(p) = 76*p - 1. Suppose 0 = -4*w + 95 - 99. Let m be u(w). Let f = 154 + m. Calculate the remainder when f is divided by 39.
38
Let t(m) = 3156*m**2 - 12*m - 13. Calculate the remainder when t(-1) is divided by 41.
39
Let t(g) = -10*g**2 + 110*g - 11. Let h be t(11). What is the remainder when (h - -9)*156/(-8) is divided by 2?
1
What is the remainder when 268 is divided by 5/40 - 19150/(-400)?
28
Suppose -82*a = -85*a + t + 29, 2*t + 10 = 0. Let f(l) = 2*l**3 - 16*l**2 - 2*l + 25. Calculate the remainder when 220 is divided by f(a).
4
Let f = 14146 - 13871. What is the remainder when 530 is divided by f?
255
What is the remainder when 2532 is divided by 6*(-1 - (34/(-3) - -10))?
0
Suppose -o + 3*x - 24 = -58, -4*x + 128 = 2*o. What is the remainder when 4208 is divided by o?
48
Suppose 21054 = 121*t - 16*t - 16641. Calculate the remainder when 1082 is divided by t.
5
Let w = -111 - -124. Suppose -w*r = -9*r - 84. Calculate the remainder when 103 is divided by r.
19
Let l = 1296 + -1063. Calculate the remainder when l is divided by 33.
2
Let f = 33 + -18. Let v(y) = y**2 + 986*y + 36058. Calculate the remainder when v(-38) is divided by f.
4
Suppose 12804 = 206*r - 1204. What is the remainder when 473 is divided by r?
65
Let b = 11979 + -11888. What is the remainder when 2622 is divided by b?
74
Suppose 0 = -5*f - 21*f + 416. What is the remainder when (12/(-48))/(2/(-1256)) is divided by f?
13
Let i(o) = -14*o**2 + 21*o - 42. Let j(m) = m**2 - m + 1. Let v(b) = -i(b) - 3*j(b). Calculate the remainder when v(5) is divided by 57.
53
Let c be 5/(1/(4/10)). Suppose -4*v = 0, 6*f - c*f - 16 = v. What is the remainder when (-6)/(-2) - 4/(f/(-51)) is divided by 22?
10
Let k = -19747 + 19793. Calculate the remainder when k is divided by 28.
18
What is the remainder when (3360/63 - -18)*9/2 is divided by 164?
157
Let b(j) = -j**2 - 24*j + 29. Let n be b(-25). Suppose -5*q - 1285 = -8*z + 3*z, 544 = 2*z + n*q. What is the remainder when z is divided by 33?
31
Suppose 5*p - 12 = -p. Suppose -g + p*g - 4*n = 78, -3*g - 3*n = -159. Let m(r) = 3*r**2 - 2*r - 10. What is the remainder when g is divided by m(4)?
28
Let c(x) = x**2 + 2*x - 5. Let y be (175/(-105))/((-5)/27). Suppose 0 = -n + 2*w + 19, 73 = 3*n - 11*w + y*w. What is the remainder when n is divided by c(-5)?
7
Let x(j) = -68*j**3 - j**2 - 3*j - 3. Let l be 2 + 0 + -2 + -1. Let q be x(l). Let c = q - 44. Calculate the remainder when c is divided by 7.
2
Let l = -881 + 883. What is the remainder when (-1426)/(-23) - l*(-3)/(-2) is divided by (-2 + 1)*0 - -21?
17
Let p = 105 - 9. Suppose 4*z - p = 52. Calculate the remainder when 184 is divided by z.
36
Suppose -136*k + 141*k = -335*k + 301240. Calculate the remainder when k is divided by 98.
4
Let h = 7595 - 6805. What is the remainder when h is divided by 249?
43
Calculate the remainder when 399 is divided by (-503)/(-5) - 9*(-184)/(-1035).
3
Suppose 5*b - 18*b = -6045. Suppose -r - 5*d = -99 - 3, 4*r + d - b = 0. What is the remainder when r is divided by 15?
12
Let t(o) = -75*o - 1112. What is the remainder when 8111 is divided by t(-15)?
12
Let l(o) = o**3 + 6*o**2 + 4*o + 313. Calculate the remainder when l(0) is divided by 54.
43
Let v be (-2)/(-1*(-8)/(-76)). Suppose -4 = x - v. Let n = 76 - 48. What is the remainder when n is divided by x?
13
Let f = 2089 - 1189. Suppose 0 = 15*u + 15*u - f. What is the remainder when 178 is divided by u?
28
Let l(n) = -n**2 - n + 1. Let c be l(2). Let v = c - -11. What is the remainder when ((-38)/v)/(14/(-84)) is divided by 20?
18
Suppose 2*t - 54 = 5*a, 0 = -t + 3*t + 3*a - 38. What is the remainder when 703 is divided by t?
21
Let z be (10 - 1)/((-4)/(-12)). Suppose 4*f - p - 27 = 0, 5*p + 0*p + z = 2*f. Calculate the remainder when (-278)/(-556)*(8/(-6) + 0)*-24 is divided by f.
4
Suppose 2 = 2*k, -6*f - 3*k = -8*f + 467. Let m = -213 + f. What is the remainder when 31 is divided by m?
9
Let w = 9232 + -8533. Calculate the remainder when w is divided by 111.
33
Let k = -76 - -240. Calculate the remainder when k is divided by (3948/846)/(7/60).
4
Let t = 12 + 0. Suppose a - t = -3. Suppose -2631 + 2731 = 2*s + 8*d, 12 = 3*d. What is the remainder when s is divided by a?
7
Let b = 28228 + -27698. Calculate the remainder when b is divided by 26.
10
Let z(s) be the third derivative of -s**5/60 - 5*s**4/24 + s**3/3 + 90*s**2. Suppose 2*f + 20 = -3*f. Calculate the remainder when 8 is divided by z(f).
2
Let q(n) = 17*n**3 + 2*n**2 - 2*n - 2. Let i be q(2). Let z = -71 + i. Let s = z - 43. What is the remainder when 71 is divided by s?
23
Let p = 849 + -367. Let x = p + -245. Calculate the remainder when x is divided by 34.
33
Let w = 414 - 284. Calculate the remainder when w is divided by (264/32)/((-3)/(-8)).
20
Let u be (-450)/4*(-17 + 23 + -8). Suppose -2*m - 2*c = -436, 0 = 4*c - c + 9. Suppose u*y - 88 = m*y. Calculate the remainder when y is divided by 13.
9
Let d(g) = g**2 - 43*g + 197. Let y be d(21). Let h = -260 - y. What is the remainder when 103 is divided by h?
3
Let t(w) = 2*w**2 - 3*w - 1. Let o = 297 + -300. Let p(j) = -j**3 + 12*j**2 - 11*j + 13. Calculate the remainder when p(10) is divided by t(o).
25
Let t(l) = -5*l**2 - 70*l - 186. What is the remainder when 11337 is divided by t(-10)?
11
Let t be (1 - 2/4)*0. Suppose 2*g - 278 + 224 = t. Calculate the remainder when g is divided by 7.
6
Let q = 6348 - 1792. Calcul